{"id":3167,"date":"2026-05-09T10:03:56","date_gmt":"2026-05-09T10:03:56","guid":{"rendered":"https:\/\/artistorie.fr\/?post_type=product&#038;p=3167"},"modified":"2026-05-09T10:07:08","modified_gmt":"2026-05-09T10:07:08","slug":"ecu-13-14e-siecles","status":"publish","type":"product","link":"https:\/\/artistorie.fr\/?product=ecu-13-14e-siecles","title":{"rendered":"Ecu &#8211; 13-14e si\u00e8cles"},"content":{"rendered":"<p>Un bouclier robuste et authentique.<\/p>\n<p>Bas\u00e9 sur des sources arch\u00e9ologiques et iconographie m\u00e9di\u00e9vale 13-14e si\u00e8cles<\/p>\n<p>R\u00e9alis\u00e9 en contreplaqu\u00e9 de 10 mm (option standard) pour une r\u00e9sistance optimale aux chocs, entoilage de lin et finition gesso. Poign\u00e9e, \u00e9narme et guiche en cuir fran\u00e7ais, fix\u00e9es par des rivets frapp\u00e9s \u00e0 la main.<\/p>\n<p>Dimensions : (L) 75 cm x (l) 55 cm x (H) 8 cm<\/p>\n<p>Si tu souhaites un bouclier totalement historique, avec bois massif, colle de peau de lapin et gesso traditionnel, n&rsquo;h\u00e9site pas \u00e0 me contacter directement pour discuter de ton cahier des charges.<\/p>\n<p>Un choix parfait pour se prot\u00e9ger comme au Moyen-\u00c2ge !<\/p>\n","protected":false},"excerpt":{"rendered":"<p>Un bouclier robuste et authentique. Bas\u00e9 sur des sources arch\u00e9ologiques et iconographie m\u00e9di\u00e9vale 13-14e si\u00e8cles R\u00e9alis\u00e9 en contreplaqu\u00e9 de 10 mm (option standard) pour une r\u00e9sistance optimale aux chocs, entoilage de lin et finition gesso. Poign\u00e9e, \u00e9narme et guiche en cuir fran\u00e7ais, fix\u00e9es par des rivets frapp\u00e9s \u00e0 la main. Dimensions : (L) 75 cm&hellip; <br \/> <a class=\"read-more\" href=\"https:\/\/artistorie.fr\/?product=ecu-13-14e-siecles\">Lire la suite<\/a><\/p>\n","protected":false},"featured_media":3168,"comment_status":"open","ping_status":"closed","template":"","meta":{"_editorskit_title_hidden":false,"_editorskit_reading_time":0,"_editorskit_is_block_options_detached":false,"_editorskit_block_options_position":"{}","_uag_custom_page_level_css":"","_monsterinsights_skip_tracking":false,"_monsterinsights_sitenote_active":false,"_monsterinsights_sitenote_note":"","_monsterinsights_sitenote_category":0},"product_brand":[],"product_cat":[284],"product_tag":[],"class_list":{"0":"post-3167","1":"product","2":"type-product","3":"status-publish","4":"has-post-thumbnail","6":"product_cat-bouclier","8":"first","9":"instock","10":"shipping-taxable","11":"purchasable","12":"product-type-variable"},"aioseo_notices":[],"uagb_featured_image_src":{"full":["https:\/\/artistorie.fr\/wp-content\/uploads\/2026\/05\/1.png",1080,1080,false],"thumbnail":["https:\/\/artistorie.fr\/wp-content\/uploads\/2026\/05\/1-150x150.png",150,150,true],"medium":["https:\/\/artistorie.fr\/wp-content\/uploads\/2026\/05\/1-300x300.png",300,300,true],"medium_large":["https:\/\/artistorie.fr\/wp-content\/uploads\/2026\/05\/1-768x768.png",768,768,true],"large":["https:\/\/artistorie.fr\/wp-content\/uploads\/2026\/05\/1-1024x1024.png",1024,1024,true],"1536x1536":["https:\/\/artistorie.fr\/wp-content\/uploads\/2026\/05\/1.png",1080,1080,false],"2048x2048":["https:\/\/artistorie.fr\/wp-content\/uploads\/2026\/05\/1.png",1080,1080,false],"post-thumbnail":["https:\/\/artistorie.fr\/wp-content\/uploads\/2026\/05\/1-1024x1024.png",1024,1024,true],"mesmerize-full-hd":["https:\/\/artistorie.fr\/wp-content\/uploads\/2026\/05\/1.png",1080,1080,false],"woocommerce_thumbnail":["https:\/\/artistorie.fr\/wp-content\/uploads\/2026\/05\/1-300x300.png",300,300,true],"woocommerce_single":["https:\/\/artistorie.fr\/wp-content\/uploads\/2026\/05\/1-600x600.png",600,600,true],"woocommerce_gallery_thumbnail":["https:\/\/artistorie.fr\/wp-content\/uploads\/2026\/05\/1-100x100.png",100,100,true]},"uagb_author_info":{"display_name":"valentin.berlemont","author_link":"https:\/\/artistorie.fr\/?author=0"},"uagb_comment_info":0,"uagb_excerpt":"Un bouclier robuste et authentique. Bas\u00e9 sur des sources arch\u00e9ologiques et iconographie m\u00e9di\u00e9vale 13-14e si\u00e8cles R\u00e9alis\u00e9 en contreplaqu\u00e9 de 10 mm (option standard) pour une r\u00e9sistance optimale aux chocs, entoilage de lin et finition gesso. Poign\u00e9e, \u00e9narme et guiche en cuir fran\u00e7ais, fix\u00e9es par des rivets frapp\u00e9s \u00e0 la main. Dimensions : (L) 75 cm&hellip;\u2026","jetpack_sharing_enabled":true,"_links":{"self":[{"href":"https:\/\/artistorie.fr\/index.php?rest_route=\/wp\/v2\/product\/3167","targetHints":{"allow":["GET"]}}],"collection":[{"href":"https:\/\/artistorie.fr\/index.php?rest_route=\/wp\/v2\/product"}],"about":[{"href":"https:\/\/artistorie.fr\/index.php?rest_route=\/wp\/v2\/types\/product"}],"replies":[{"embeddable":true,"href":"https:\/\/artistorie.fr\/index.php?rest_route=%2Fwp%2Fv2%2Fcomments&post=3167"}],"wp:featuredmedia":[{"embeddable":true,"href":"https:\/\/artistorie.fr\/index.php?rest_route=\/wp\/v2\/media\/3168"}],"wp:attachment":[{"href":"https:\/\/artistorie.fr\/index.php?rest_route=%2Fwp%2Fv2%2Fmedia&parent=3167"}],"wp:term":[{"taxonomy":"product_brand","embeddable":true,"href":"https:\/\/artistorie.fr\/index.php?rest_route=%2Fwp%2Fv2%2Fproduct_brand&post=3167"},{"taxonomy":"product_cat","embeddable":true,"href":"https:\/\/artistorie.fr\/index.php?rest_route=%2Fwp%2Fv2%2Fproduct_cat&post=3167"},{"taxonomy":"product_tag","embeddable":true,"href":"https:\/\/artistorie.fr\/index.php?rest_route=%2Fwp%2Fv2%2Fproduct_tag&post=3167"}],"curies":[{"name":"wp","href":"https:\/\/api.w.org\/{rel}","templated":true}]}}