{"id":3113,"date":"2026-01-08T11:25:56","date_gmt":"2026-01-08T11:25:56","guid":{"rendered":"https:\/\/artistorie.fr\/?post_type=product&#038;p=3113"},"modified":"2026-01-08T11:27:28","modified_gmt":"2026-01-08T11:27:28","slug":"lanterne-ronde-a-porte-anse-cuir-2","status":"publish","type":"product","link":"https:\/\/artistorie.fr\/?product=lanterne-ronde-a-porte-anse-cuir-2","title":{"rendered":"Lanterne ronde \u00e0 porte anse cuir"},"content":{"rendered":"<p style=\"text-align: left;\"><span style=\"color: #000000;\">Une belle lanterne \u00e0 porte de la fin du Moyen-\u00c2ge pour y voir plus clair dans la p\u00e9nombre !<\/span><br \/>\n<span style=\"color: #000000;\">Bas\u00e9 sur des enluminures et mod\u00e8les historiques.<\/span><\/p>\n<p style=\"text-align: left;\"><span style=\"color: #000000;\">Date : 13-16e si\u00e8cles<\/span><br \/>\n<span style=\"color: #000000;\">Dimensions : (H)27cm (41cm avec l&rsquo;anse) x (L)16cm x (l)16cm<\/span><br \/>\n<span style=\"color: #000000;\">R\u00e9alis\u00e9e en ch\u00eane, parchemin et cuir fran\u00e7ais. Coupelle pique-chandelle et anse en cuir.\u00a0<\/span><br \/>\n<span style=\"color: #000000;\">Finition \u00e0 base d\u2019huile de lin.<\/span><\/p>\n<p style=\"text-align: left;\"><span style=\"color: #000000;\">Pour l\u2019entretien, appliquez de l\u2019huile de lin au chiffon une \u00e0 deux fois par an.<\/span><br \/>\n<span style=\"color: #000000;\">Un choix parfait pour s\u2019\u00e9clairer comme au Moyen-\u00c2ge !<\/span><\/p>\n","protected":false},"excerpt":{"rendered":"<p>Une belle lanterne \u00e0 porte de la fin du Moyen-\u00c2ge pour y voir plus clair dans la p\u00e9nombre ! Bas\u00e9 sur des enluminures et mod\u00e8les historiques. Date : 13-16e si\u00e8cles Dimensions : (H)27cm (41cm avec l&rsquo;anse) x (L)16cm x (l)16cm R\u00e9alis\u00e9e en ch\u00eane, parchemin et cuir fran\u00e7ais. Coupelle pique-chandelle et anse en cuir.\u00a0 Finition \u00e0&hellip; <br \/> <a class=\"read-more\" href=\"https:\/\/artistorie.fr\/?product=lanterne-ronde-a-porte-anse-cuir-2\">Lire la suite<\/a><\/p>\n","protected":false},"featured_media":3064,"comment_status":"open","ping_status":"closed","template":"","meta":{"_editorskit_title_hidden":false,"_editorskit_reading_time":0,"_editorskit_is_block_options_detached":false,"_editorskit_block_options_position":"{}","_uag_custom_page_level_css":"","_monsterinsights_skip_tracking":false,"_monsterinsights_sitenote_active":false,"_monsterinsights_sitenote_note":"","_monsterinsights_sitenote_category":0},"product_brand":[],"product_cat":[44],"product_tag":[],"class_list":{"0":"post-3113","1":"product","2":"type-product","3":"status-publish","4":"has-post-thumbnail","6":"product_cat-luminaire","8":"first","9":"onbackorder","10":"shipping-taxable","11":"purchasable","12":"product-type-simple"},"aioseo_notices":[],"uagb_featured_image_src":{"full":["https:\/\/artistorie.fr\/wp-content\/uploads\/2025\/11\/Design-sans-titre-3.png",1080,1080,false],"thumbnail":["https:\/\/artistorie.fr\/wp-content\/uploads\/2025\/11\/Design-sans-titre-3-150x150.png",150,150,true],"medium":["https:\/\/artistorie.fr\/wp-content\/uploads\/2025\/11\/Design-sans-titre-3-300x300.png",300,300,true],"medium_large":["https:\/\/artistorie.fr\/wp-content\/uploads\/2025\/11\/Design-sans-titre-3-768x768.png",768,768,true],"large":["https:\/\/artistorie.fr\/wp-content\/uploads\/2025\/11\/Design-sans-titre-3-1024x1024.png",1024,1024,true],"1536x1536":["https:\/\/artistorie.fr\/wp-content\/uploads\/2025\/11\/Design-sans-titre-3.png",1080,1080,false],"2048x2048":["https:\/\/artistorie.fr\/wp-content\/uploads\/2025\/11\/Design-sans-titre-3.png",1080,1080,false],"post-thumbnail":["https:\/\/artistorie.fr\/wp-content\/uploads\/2025\/11\/Design-sans-titre-3-1024x1024.png",1024,1024,true],"mesmerize-full-hd":["https:\/\/artistorie.fr\/wp-content\/uploads\/2025\/11\/Design-sans-titre-3.png",1080,1080,false],"woocommerce_thumbnail":["https:\/\/artistorie.fr\/wp-content\/uploads\/2025\/11\/Design-sans-titre-3-300x300.png",300,300,true],"woocommerce_single":["https:\/\/artistorie.fr\/wp-content\/uploads\/2025\/11\/Design-sans-titre-3-600x600.png",600,600,true],"woocommerce_gallery_thumbnail":["https:\/\/artistorie.fr\/wp-content\/uploads\/2025\/11\/Design-sans-titre-3-100x100.png",100,100,true]},"uagb_author_info":{"display_name":"valentin.berlemont","author_link":"https:\/\/artistorie.fr\/?author=0"},"uagb_comment_info":0,"uagb_excerpt":"Une belle lanterne \u00e0 porte de la fin du Moyen-\u00c2ge pour y voir plus clair dans la p\u00e9nombre ! Bas\u00e9 sur des enluminures et mod\u00e8les historiques. Date : 13-16e si\u00e8cles Dimensions : (H)27cm (41cm avec l&rsquo;anse) x (L)16cm x (l)16cm R\u00e9alis\u00e9e en ch\u00eane, parchemin et cuir fran\u00e7ais. Coupelle pique-chandelle et anse en cuir.\u00a0 Finition \u00e0&hellip;\u2026","jetpack_sharing_enabled":true,"_links":{"self":[{"href":"https:\/\/artistorie.fr\/index.php?rest_route=\/wp\/v2\/product\/3113","targetHints":{"allow":["GET"]}}],"collection":[{"href":"https:\/\/artistorie.fr\/index.php?rest_route=\/wp\/v2\/product"}],"about":[{"href":"https:\/\/artistorie.fr\/index.php?rest_route=\/wp\/v2\/types\/product"}],"replies":[{"embeddable":true,"href":"https:\/\/artistorie.fr\/index.php?rest_route=%2Fwp%2Fv2%2Fcomments&post=3113"}],"wp:featuredmedia":[{"embeddable":true,"href":"https:\/\/artistorie.fr\/index.php?rest_route=\/wp\/v2\/media\/3064"}],"wp:attachment":[{"href":"https:\/\/artistorie.fr\/index.php?rest_route=%2Fwp%2Fv2%2Fmedia&parent=3113"}],"wp:term":[{"taxonomy":"product_brand","embeddable":true,"href":"https:\/\/artistorie.fr\/index.php?rest_route=%2Fwp%2Fv2%2Fproduct_brand&post=3113"},{"taxonomy":"product_cat","embeddable":true,"href":"https:\/\/artistorie.fr\/index.php?rest_route=%2Fwp%2Fv2%2Fproduct_cat&post=3113"},{"taxonomy":"product_tag","embeddable":true,"href":"https:\/\/artistorie.fr\/index.php?rest_route=%2Fwp%2Fv2%2Fproduct_tag&post=3113"}],"curies":[{"name":"wp","href":"https:\/\/api.w.org\/{rel}","templated":true}]}}

Lanterne ronde à porte anse cuir

<p style="text-align: left;"><span style="color: #000000;">Une belle lanterne à porte de la fin du Moyen-Âge pour y voir plus clair dans la pénombre !</span><br />
<span style="color: #000000;">Basé sur des enluminures et modèles historiques.</span></p>
<p style="text-align: left;"><span style="color: #000000;">Date : 13-16e siècles</span><br />
<span style="color: #000000;">Dimensions : (H)27cm (41cm avec l&rsquo;anse) x (L)16cm x (l)16cm</span><br />
<span style="color: #000000;">Réalisée en chêne, parchemin et cuir français. Coupelle pique-chandelle et anse en cuir. </span><br />
<span style="color: #000000;">Finition à base d’huile de lin.</span></p>
<p style="text-align: left;"><span style="color: #000000;">Pour l’entretien, appliquez de l’huile de lin au chiffon une à deux fois par an.</span><br />
<span style="color: #000000;">Un choix parfait pour s’éclairer comme au Moyen-Âge !</span></p>

<p>Une belle lanterne à porte de la fin du Moyen-Âge pour y voir plus clair dans la pénombre ! Basé sur des enluminures et modèles historiques. Date : 13-16e siècles Dimensions : (H)27cm (41cm avec l&rsquo;anse) x (L)16cm x (l)16cm Réalisée en chêne, parchemin et cuir français. Coupelle pique-chandelle et anse en cuir.  Finition à&hellip; <br /> <a class="read-more" href="https://artistorie.fr/?product=lanterne-ronde-a-porte-anse-cuir-2">Lire la suite</a></p>

Une belle lanterne à porte de la fin du Moyen-Âge pour y voir plus clair dans la pénombre ! Basé sur des enluminures et modèles historiques. Date : 13-16e siècles Dimensions : (H)27cm (41cm avec l&rsquo;anse) x (L)16cm x (l)16cm Réalisée en chêne, parchemin et cuir français. Coupelle pique-chandelle et anse en cuir.  Finition à&hellip;…
