{"id":3081,"date":"2025-12-15T14:11:13","date_gmt":"2025-12-15T14:11:13","guid":{"rendered":"https:\/\/artistorie.fr\/?post_type=product&#038;p=3081"},"modified":"2025-12-15T14:12:40","modified_gmt":"2025-12-15T14:12:40","slug":"pendule-hetre-2","status":"publish","type":"product","link":"https:\/\/artistorie.fr\/?product=pendule-hetre-2","title":{"rendered":"Pendule H\u00eatre"},"content":{"rendered":"<p><span style=\"color: #000000;\">Pendule en h\u00eatre.<\/span><\/p>\n<p><span style=\"color: #000000;\">Finition naturelle \u00e0 base de cire d&rsquo;abeille locale de l&rsquo;atelier.<\/span><\/p>\n<p><span style=\"color: #000000;\">Chainette en acier inoxydable dor\u00e9 termin\u00e9e par une goutte en laiton.<\/span><\/p>\n<p><span style=\"color: #000000;\">Dimension pendule : 3 cm (hauteur) \/ 2 cm (diam\u00e8tre)<\/span><\/p>\n<p><span style=\"color: #000000;\">Dimension chainette : 20 cm (longueur)<\/span><\/p>\n<p><span style=\"color: #000000;\">Livr\u00e9 avec sa pochette<\/span><\/p>\n","protected":false},"excerpt":{"rendered":"<p>Pendule en h\u00eatre. Finition naturelle \u00e0 base de cire d&rsquo;abeille locale de l&rsquo;atelier. Chainette en acier inoxydable dor\u00e9 termin\u00e9e par une goutte en laiton. Dimension pendule : 3 cm (hauteur) \/ 2 cm (diam\u00e8tre) Dimension chainette : 20 cm (longueur) Livr\u00e9 avec sa pochette<\/p>\n","protected":false},"featured_media":3082,"comment_status":"open","ping_status":"closed","template":"","meta":{"_editorskit_title_hidden":false,"_editorskit_reading_time":0,"_editorskit_is_block_options_detached":false,"_editorskit_block_options_position":"{}","_uag_custom_page_level_css":"","_monsterinsights_skip_tracking":false,"_monsterinsights_sitenote_active":false,"_monsterinsights_sitenote_note":"","_monsterinsights_sitenote_category":0},"product_brand":[],"product_cat":[38,23],"product_tag":[],"class_list":{"0":"post-3081","1":"product","2":"type-product","3":"status-publish","4":"has-post-thumbnail","6":"product_cat-esoterisme","7":"product_cat-modern-istorie","9":"first","10":"instock","11":"sold-individually","12":"shipping-taxable","13":"purchasable","14":"product-type-simple"},"aioseo_notices":[],"uagb_featured_image_src":{"full":["https:\/\/artistorie.fr\/wp-content\/uploads\/2025\/12\/Design-sans-titre.png",1080,1080,false],"thumbnail":["https:\/\/artistorie.fr\/wp-content\/uploads\/2025\/12\/Design-sans-titre-150x150.png",150,150,true],"medium":["https:\/\/artistorie.fr\/wp-content\/uploads\/2025\/12\/Design-sans-titre-300x300.png",300,300,true],"medium_large":["https:\/\/artistorie.fr\/wp-content\/uploads\/2025\/12\/Design-sans-titre-768x768.png",768,768,true],"large":["https:\/\/artistorie.fr\/wp-content\/uploads\/2025\/12\/Design-sans-titre-1024x1024.png",1024,1024,true],"1536x1536":["https:\/\/artistorie.fr\/wp-content\/uploads\/2025\/12\/Design-sans-titre.png",1080,1080,false],"2048x2048":["https:\/\/artistorie.fr\/wp-content\/uploads\/2025\/12\/Design-sans-titre.png",1080,1080,false],"post-thumbnail":["https:\/\/artistorie.fr\/wp-content\/uploads\/2025\/12\/Design-sans-titre-1024x1024.png",1024,1024,true],"mesmerize-full-hd":["https:\/\/artistorie.fr\/wp-content\/uploads\/2025\/12\/Design-sans-titre.png",1080,1080,false],"woocommerce_thumbnail":["https:\/\/artistorie.fr\/wp-content\/uploads\/2025\/12\/Design-sans-titre-300x300.png",300,300,true],"woocommerce_single":["https:\/\/artistorie.fr\/wp-content\/uploads\/2025\/12\/Design-sans-titre-600x600.png",600,600,true],"woocommerce_gallery_thumbnail":["https:\/\/artistorie.fr\/wp-content\/uploads\/2025\/12\/Design-sans-titre-100x100.png",100,100,true]},"uagb_author_info":{"display_name":"valentin.berlemont","author_link":"https:\/\/artistorie.fr\/?author=0"},"uagb_comment_info":0,"uagb_excerpt":"Pendule en h\u00eatre. Finition naturelle \u00e0 base de cire d&rsquo;abeille locale de l&rsquo;atelier. Chainette en acier inoxydable dor\u00e9 termin\u00e9e par une goutte en laiton. Dimension pendule : 3 cm (hauteur) \/ 2 cm (diam\u00e8tre) Dimension chainette : 20 cm (longueur) Livr\u00e9 avec sa pochette","jetpack_sharing_enabled":true,"_links":{"self":[{"href":"https:\/\/artistorie.fr\/index.php?rest_route=\/wp\/v2\/product\/3081","targetHints":{"allow":["GET"]}}],"collection":[{"href":"https:\/\/artistorie.fr\/index.php?rest_route=\/wp\/v2\/product"}],"about":[{"href":"https:\/\/artistorie.fr\/index.php?rest_route=\/wp\/v2\/types\/product"}],"replies":[{"embeddable":true,"href":"https:\/\/artistorie.fr\/index.php?rest_route=%2Fwp%2Fv2%2Fcomments&post=3081"}],"wp:featuredmedia":[{"embeddable":true,"href":"https:\/\/artistorie.fr\/index.php?rest_route=\/wp\/v2\/media\/3082"}],"wp:attachment":[{"href":"https:\/\/artistorie.fr\/index.php?rest_route=%2Fwp%2Fv2%2Fmedia&parent=3081"}],"wp:term":[{"taxonomy":"product_brand","embeddable":true,"href":"https:\/\/artistorie.fr\/index.php?rest_route=%2Fwp%2Fv2%2Fproduct_brand&post=3081"},{"taxonomy":"product_cat","embeddable":true,"href":"https:\/\/artistorie.fr\/index.php?rest_route=%2Fwp%2Fv2%2Fproduct_cat&post=3081"},{"taxonomy":"product_tag","embeddable":true,"href":"https:\/\/artistorie.fr\/index.php?rest_route=%2Fwp%2Fv2%2Fproduct_tag&post=3081"}],"curies":[{"name":"wp","href":"https:\/\/api.w.org\/{rel}","templated":true}]}}