{"id":2814,"date":"2024-07-08T14:36:36","date_gmt":"2024-07-08T14:36:36","guid":{"rendered":"https:\/\/artistorie.fr\/?post_type=product&#038;p=2814"},"modified":"2024-10-07T16:30:22","modified_gmt":"2024-10-07T16:30:22","slug":"patenotre-ambre","status":"publish","type":"product","link":"https:\/\/artistorie.fr\/?product=patenotre-ambre","title":{"rendered":"Paten\u00f4tre ambre"},"content":{"rendered":"<p style=\"text-align: left;\"><span style=\"color: #000000;\">Une petite paten\u00f4tre en ambre.<\/span><br \/>\n<span style=\"color: #000000;\">Bas\u00e9 sur la forme repr\u00e9sent\u00e9e dans Rogier Van der Weyden,\u00a0<em>Marie-Madeleine lisant<\/em>, 1435-1438, huile sur panneau de bois, National Gallery, Londres, NG654<\/span><\/p>\n<p><span style=\"color: #000000;\">Date : 15e si\u00e8cle<\/span><br \/>\n<span style=\"color: #000000;\">Dimensions : (H)0,7cm x (L)0,7cm x (l)22cm<\/span><br \/>\n<span style=\"color: #000000;\">R\u00e9alis\u00e9 en ambre brun et ambre jaune et fil de coton.<\/span><\/p>\n<p><span style=\"color: #000000;\">Un choix parfait pour prier comme au Moyen-\u00c2ge !<\/span><\/p>\n","protected":false},"excerpt":{"rendered":"<p>Une petite paten\u00f4tre en ambre. Bas\u00e9 sur la forme repr\u00e9sent\u00e9e dans Rogier Van der Weyden,\u00a0Marie-Madeleine lisant, 1435-1438, huile sur panneau de bois, National Gallery, Londres, NG654 Date : 15e si\u00e8cle Dimensions : (H)0,7cm x (L)0,7cm x (l)22cm R\u00e9alis\u00e9 en ambre brun et ambre jaune et fil de coton. Un choix parfait pour prier comme au&hellip; <br \/> <a class=\"read-more\" href=\"https:\/\/artistorie.fr\/?product=patenotre-ambre\">Lire la suite<\/a><\/p>\n","protected":false},"featured_media":2732,"comment_status":"open","ping_status":"closed","template":"","meta":{"_editorskit_title_hidden":false,"_editorskit_reading_time":0,"_editorskit_is_block_options_detached":false,"_editorskit_block_options_position":"{}","_uag_custom_page_level_css":"","_monsterinsights_skip_tracking":false,"_monsterinsights_sitenote_active":false,"_monsterinsights_sitenote_note":"","_monsterinsights_sitenote_category":0},"product_brand":[],"product_cat":[250],"product_tag":[],"class_list":{"0":"post-2814","1":"product","2":"type-product","3":"status-publish","4":"has-post-thumbnail","6":"product_cat-religion","8":"first","9":"onbackorder","10":"shipping-taxable","11":"purchasable","12":"product-type-simple"},"aioseo_notices":[],"uagb_featured_image_src":{"full":["https:\/\/artistorie.fr\/wp-content\/uploads\/2024\/07\/artistorie-petite-patenotre-ambre-boutique.png",1080,1080,false],"thumbnail":["https:\/\/artistorie.fr\/wp-content\/uploads\/2024\/07\/artistorie-petite-patenotre-ambre-boutique-150x150.png",150,150,true],"medium":["https:\/\/artistorie.fr\/wp-content\/uploads\/2024\/07\/artistorie-petite-patenotre-ambre-boutique-300x300.png",300,300,true],"medium_large":["https:\/\/artistorie.fr\/wp-content\/uploads\/2024\/07\/artistorie-petite-patenotre-ambre-boutique-768x768.png",768,768,true],"large":["https:\/\/artistorie.fr\/wp-content\/uploads\/2024\/07\/artistorie-petite-patenotre-ambre-boutique-1024x1024.png",1024,1024,true],"1536x1536":["https:\/\/artistorie.fr\/wp-content\/uploads\/2024\/07\/artistorie-petite-patenotre-ambre-boutique.png",1080,1080,false],"2048x2048":["https:\/\/artistorie.fr\/wp-content\/uploads\/2024\/07\/artistorie-petite-patenotre-ambre-boutique.png",1080,1080,false],"post-thumbnail":["https:\/\/artistorie.fr\/wp-content\/uploads\/2024\/07\/artistorie-petite-patenotre-ambre-boutique-1024x1024.png",1024,1024,true],"mesmerize-full-hd":["https:\/\/artistorie.fr\/wp-content\/uploads\/2024\/07\/artistorie-petite-patenotre-ambre-boutique.png",1080,1080,false],"woocommerce_thumbnail":["https:\/\/artistorie.fr\/wp-content\/uploads\/2024\/07\/artistorie-petite-patenotre-ambre-boutique-300x300.png",300,300,true],"woocommerce_single":["https:\/\/artistorie.fr\/wp-content\/uploads\/2024\/07\/artistorie-petite-patenotre-ambre-boutique-600x600.png",600,600,true],"woocommerce_gallery_thumbnail":["https:\/\/artistorie.fr\/wp-content\/uploads\/2024\/07\/artistorie-petite-patenotre-ambre-boutique-100x100.png",100,100,true]},"uagb_author_info":{"display_name":"valentin.berlemont","author_link":"https:\/\/artistorie.fr\/?author=0"},"uagb_comment_info":0,"uagb_excerpt":"Une petite paten\u00f4tre en ambre. Bas\u00e9 sur la forme repr\u00e9sent\u00e9e dans Rogier Van der Weyden,\u00a0Marie-Madeleine lisant, 1435-1438, huile sur panneau de bois, National Gallery, Londres, NG654 Date : 15e si\u00e8cle Dimensions : (H)0,7cm x (L)0,7cm x (l)22cm R\u00e9alis\u00e9 en ambre brun et ambre jaune et fil de coton. Un choix parfait pour prier comme au&hellip;\u2026","jetpack_sharing_enabled":true,"_links":{"self":[{"href":"https:\/\/artistorie.fr\/index.php?rest_route=\/wp\/v2\/product\/2814","targetHints":{"allow":["GET"]}}],"collection":[{"href":"https:\/\/artistorie.fr\/index.php?rest_route=\/wp\/v2\/product"}],"about":[{"href":"https:\/\/artistorie.fr\/index.php?rest_route=\/wp\/v2\/types\/product"}],"replies":[{"embeddable":true,"href":"https:\/\/artistorie.fr\/index.php?rest_route=%2Fwp%2Fv2%2Fcomments&post=2814"}],"wp:featuredmedia":[{"embeddable":true,"href":"https:\/\/artistorie.fr\/index.php?rest_route=\/wp\/v2\/media\/2732"}],"wp:attachment":[{"href":"https:\/\/artistorie.fr\/index.php?rest_route=%2Fwp%2Fv2%2Fmedia&parent=2814"}],"wp:term":[{"taxonomy":"product_brand","embeddable":true,"href":"https:\/\/artistorie.fr\/index.php?rest_route=%2Fwp%2Fv2%2Fproduct_brand&post=2814"},{"taxonomy":"product_cat","embeddable":true,"href":"https:\/\/artistorie.fr\/index.php?rest_route=%2Fwp%2Fv2%2Fproduct_cat&post=2814"},{"taxonomy":"product_tag","embeddable":true,"href":"https:\/\/artistorie.fr\/index.php?rest_route=%2Fwp%2Fv2%2Fproduct_tag&post=2814"}],"curies":[{"name":"wp","href":"https:\/\/api.w.org\/{rel}","templated":true}]}}