{"id":2769,"date":"2024-07-08T13:32:20","date_gmt":"2024-07-08T13:32:20","guid":{"rendered":"https:\/\/artistorie.fr\/?post_type=product&#038;p=2769"},"modified":"2024-07-08T13:48:34","modified_gmt":"2024-07-08T13:48:34","slug":"chandelier-a-pique-germanique","status":"publish","type":"product","link":"https:\/\/artistorie.fr\/?product=chandelier-a-pique-germanique","title":{"rendered":"Chandelier \u00e0 pique germanique"},"content":{"rendered":"<p style=\"text-align: left;\"><span style=\"color: #000000;\">Un petit chandelier \u00e0 pique \u00e0 la mode germanique du 15e si\u00e8cle.<\/span><br \/>\n<span style=\"color: #000000;\">Bas\u00e9 sur un mod\u00e8le historique conserv\u00e9 au mus\u00e9e de Regensburg (Allemagne).<\/span><\/p>\n<p style=\"text-align: left;\"><span style=\"color: #000000;\">Date : 15e si\u00e8cle<\/span><br \/>\n<span style=\"color: #000000;\">Dimensions : (H)20,5cm x (L)7cm x (l)7cm<\/span><br \/>\n<span style=\"color: #000000;\">R\u00e9alis\u00e9 en gen\u00e9vrier.<\/span><br \/>\n<span style=\"color: #000000;\">Finition \u00e0 base d&rsquo;huile de lin.<\/span><\/p>\n<p style=\"text-align: left;\"><span style=\"color: #000000;\">Pour l&rsquo;entretien, appliquez de l&rsquo;huile de lin au chiffon une \u00e0 deux fois par an.<\/span><\/p>\n<p style=\"text-align: left;\"><span style=\"color: #000000;\">Un choix parfait pour s&rsquo;\u00e9clairer comme au Moyen-\u00c2ge !<\/span><\/p>\n","protected":false},"excerpt":{"rendered":"<p>Un petit chandelier \u00e0 pique \u00e0 la mode germanique du 15e si\u00e8cle. Bas\u00e9 sur un mod\u00e8le historique conserv\u00e9 au mus\u00e9e de Regensburg (Allemagne). Date : 15e si\u00e8cle Dimensions : (H)20,5cm x (L)7cm x (l)7cm R\u00e9alis\u00e9 en gen\u00e9vrier. Finition \u00e0 base d&rsquo;huile de lin. Pour l&rsquo;entretien, appliquez de l&rsquo;huile de lin au chiffon une \u00e0 deux&hellip; <br \/> <a class=\"read-more\" href=\"https:\/\/artistorie.fr\/?product=chandelier-a-pique-germanique\">Lire la suite<\/a><\/p>\n","protected":false},"featured_media":2706,"comment_status":"open","ping_status":"closed","template":"","meta":{"_editorskit_title_hidden":false,"_editorskit_reading_time":0,"_editorskit_is_block_options_detached":false,"_editorskit_block_options_position":"{}","_uag_custom_page_level_css":"","_monsterinsights_skip_tracking":false,"_monsterinsights_sitenote_active":false,"_monsterinsights_sitenote_note":"","_monsterinsights_sitenote_category":0},"product_brand":[],"product_cat":[44],"product_tag":[],"class_list":{"0":"post-2769","1":"product","2":"type-product","3":"status-publish","4":"has-post-thumbnail","6":"product_cat-luminaire","8":"first","9":"instock","10":"sold-individually","11":"shipping-taxable","12":"purchasable","13":"product-type-simple"},"aioseo_notices":[],"uagb_featured_image_src":{"full":["https:\/\/artistorie.fr\/wp-content\/uploads\/2024\/07\/artistorie-chandelier-allemand-boutique.png",1080,1080,false],"thumbnail":["https:\/\/artistorie.fr\/wp-content\/uploads\/2024\/07\/artistorie-chandelier-allemand-boutique-150x150.png",150,150,true],"medium":["https:\/\/artistorie.fr\/wp-content\/uploads\/2024\/07\/artistorie-chandelier-allemand-boutique-300x300.png",300,300,true],"medium_large":["https:\/\/artistorie.fr\/wp-content\/uploads\/2024\/07\/artistorie-chandelier-allemand-boutique-768x768.png",768,768,true],"large":["https:\/\/artistorie.fr\/wp-content\/uploads\/2024\/07\/artistorie-chandelier-allemand-boutique-1024x1024.png",1024,1024,true],"1536x1536":["https:\/\/artistorie.fr\/wp-content\/uploads\/2024\/07\/artistorie-chandelier-allemand-boutique.png",1080,1080,false],"2048x2048":["https:\/\/artistorie.fr\/wp-content\/uploads\/2024\/07\/artistorie-chandelier-allemand-boutique.png",1080,1080,false],"post-thumbnail":["https:\/\/artistorie.fr\/wp-content\/uploads\/2024\/07\/artistorie-chandelier-allemand-boutique-1024x1024.png",1024,1024,true],"mesmerize-full-hd":["https:\/\/artistorie.fr\/wp-content\/uploads\/2024\/07\/artistorie-chandelier-allemand-boutique.png",1080,1080,false],"woocommerce_thumbnail":["https:\/\/artistorie.fr\/wp-content\/uploads\/2024\/07\/artistorie-chandelier-allemand-boutique-300x300.png",300,300,true],"woocommerce_single":["https:\/\/artistorie.fr\/wp-content\/uploads\/2024\/07\/artistorie-chandelier-allemand-boutique-600x600.png",600,600,true],"woocommerce_gallery_thumbnail":["https:\/\/artistorie.fr\/wp-content\/uploads\/2024\/07\/artistorie-chandelier-allemand-boutique-100x100.png",100,100,true]},"uagb_author_info":{"display_name":"valentin.berlemont","author_link":"https:\/\/artistorie.fr\/?author=0"},"uagb_comment_info":0,"uagb_excerpt":"Un petit chandelier \u00e0 pique \u00e0 la mode germanique du 15e si\u00e8cle. Bas\u00e9 sur un mod\u00e8le historique conserv\u00e9 au mus\u00e9e de Regensburg (Allemagne). Date : 15e si\u00e8cle Dimensions : (H)20,5cm x (L)7cm x (l)7cm R\u00e9alis\u00e9 en gen\u00e9vrier. Finition \u00e0 base d&rsquo;huile de lin. Pour l&rsquo;entretien, appliquez de l&rsquo;huile de lin au chiffon une \u00e0 deux&hellip;\u2026","jetpack_sharing_enabled":true,"_links":{"self":[{"href":"https:\/\/artistorie.fr\/index.php?rest_route=\/wp\/v2\/product\/2769","targetHints":{"allow":["GET"]}}],"collection":[{"href":"https:\/\/artistorie.fr\/index.php?rest_route=\/wp\/v2\/product"}],"about":[{"href":"https:\/\/artistorie.fr\/index.php?rest_route=\/wp\/v2\/types\/product"}],"replies":[{"embeddable":true,"href":"https:\/\/artistorie.fr\/index.php?rest_route=%2Fwp%2Fv2%2Fcomments&post=2769"}],"wp:featuredmedia":[{"embeddable":true,"href":"https:\/\/artistorie.fr\/index.php?rest_route=\/wp\/v2\/media\/2706"}],"wp:attachment":[{"href":"https:\/\/artistorie.fr\/index.php?rest_route=%2Fwp%2Fv2%2Fmedia&parent=2769"}],"wp:term":[{"taxonomy":"product_brand","embeddable":true,"href":"https:\/\/artistorie.fr\/index.php?rest_route=%2Fwp%2Fv2%2Fproduct_brand&post=2769"},{"taxonomy":"product_cat","embeddable":true,"href":"https:\/\/artistorie.fr\/index.php?rest_route=%2Fwp%2Fv2%2Fproduct_cat&post=2769"},{"taxonomy":"product_tag","embeddable":true,"href":"https:\/\/artistorie.fr\/index.php?rest_route=%2Fwp%2Fv2%2Fproduct_tag&post=2769"}],"curies":[{"name":"wp","href":"https:\/\/api.w.org\/{rel}","templated":true}]}}

Chandelier à pique germanique

<p style="text-align: left;"><span style="color: #000000;">Un petit chandelier à pique à la mode germanique du 15e siècle.</span><br />
<span style="color: #000000;">Basé sur un modèle historique conservé au musée de Regensburg (Allemagne).</span></p>
<p style="text-align: left;"><span style="color: #000000;">Date : 15e siècle</span><br />
<span style="color: #000000;">Dimensions : (H)20,5cm x (L)7cm x (l)7cm</span><br />
<span style="color: #000000;">Réalisé en genévrier.</span><br />
<span style="color: #000000;">Finition à base d&rsquo;huile de lin.</span></p>
<p style="text-align: left;"><span style="color: #000000;">Pour l&rsquo;entretien, appliquez de l&rsquo;huile de lin au chiffon une à deux fois par an.</span></p>
<p style="text-align: left;"><span style="color: #000000;">Un choix parfait pour s&rsquo;éclairer comme au Moyen-Âge !</span></p>

<p>Un petit chandelier à pique à la mode germanique du 15e siècle. Basé sur un modèle historique conservé au musée de Regensburg (Allemagne). Date : 15e siècle Dimensions : (H)20,5cm x (L)7cm x (l)7cm Réalisé en genévrier. Finition à base d&rsquo;huile de lin. Pour l&rsquo;entretien, appliquez de l&rsquo;huile de lin au chiffon une à deux&hellip; <br /> <a class="read-more" href="https://artistorie.fr/?product=chandelier-a-pique-germanique">Lire la suite</a></p>

Un petit chandelier à pique à la mode germanique du 15e siècle. Basé sur un modèle historique conservé au musée de Regensburg (Allemagne). Date : 15e siècle Dimensions : (H)20,5cm x (L)7cm x (l)7cm Réalisé en genévrier. Finition à base d&rsquo;huile de lin. Pour l&rsquo;entretien, appliquez de l&rsquo;huile de lin au chiffon une à deux&hellip;…
