{"id":2764,"date":"2024-07-08T13:03:33","date_gmt":"2024-07-08T13:03:33","guid":{"rendered":"https:\/\/artistorie.fr\/?post_type=product&#038;p=2764"},"modified":"2024-07-08T13:48:35","modified_gmt":"2024-07-08T13:48:35","slug":"chandelier-a-pique-gothique","status":"publish","type":"product","link":"https:\/\/artistorie.fr\/?product=chandelier-a-pique-gothique","title":{"rendered":"Chandelier \u00e0 pique gothique"},"content":{"rendered":"<p style=\"text-align: left;\"><span style=\"color: #000000;\">Un grand chandelier \u00e0 pique \u00e0 la mode flamande du 15e si\u00e8cle.<\/span><br \/>\n<span style=\"color: #000000;\">Bas\u00e9 sur des mod\u00e8les historiques en laiton issus de mus\u00e9es et de collections priv\u00e9es.<\/span><\/p>\n<p style=\"text-align: left;\"><span style=\"color: #000000;\">Date : 1450-1480<\/span><br \/>\n<span style=\"color: #000000;\">Dimensions : (H)33cm x (L)13cm x (l)13cm<\/span><br \/>\n<span style=\"color: #000000;\">R\u00e9alis\u00e9 en fr\u00eane.<\/span><br \/>\n<span style=\"color: #000000;\">Finition \u00e0 base d&rsquo;huile de lin.<\/span><\/p>\n<p style=\"text-align: left;\"><span style=\"color: #000000;\">Pour l&rsquo;entretien, appliquez de l&rsquo;huile de lin au chiffon une \u00e0 deux fois par an.<\/span><\/p>\n<p style=\"text-align: left;\"><span style=\"color: #000000;\">Un choix parfait pour s&rsquo;\u00e9clairer comme au Moyen-\u00c2ge !<\/span><\/p>\n","protected":false},"excerpt":{"rendered":"<p>Un grand chandelier \u00e0 pique \u00e0 la mode flamande du 15e si\u00e8cle. Bas\u00e9 sur des mod\u00e8les historiques en laiton issus de mus\u00e9es et de collections priv\u00e9es. Date : 1450-1480 Dimensions : (H)33cm x (L)13cm x (l)13cm R\u00e9alis\u00e9 en fr\u00eane. Finition \u00e0 base d&rsquo;huile de lin. Pour l&rsquo;entretien, appliquez de l&rsquo;huile de lin au chiffon une&hellip; <br \/> <a class=\"read-more\" href=\"https:\/\/artistorie.fr\/?product=chandelier-a-pique-gothique\">Lire la suite<\/a><\/p>\n","protected":false},"featured_media":2703,"comment_status":"open","ping_status":"closed","template":"","meta":{"_editorskit_title_hidden":false,"_editorskit_reading_time":0,"_editorskit_is_block_options_detached":false,"_editorskit_block_options_position":"{}","_uag_custom_page_level_css":"","_monsterinsights_skip_tracking":false,"_monsterinsights_sitenote_active":false,"_monsterinsights_sitenote_note":"","_monsterinsights_sitenote_category":0},"product_brand":[],"product_cat":[44],"product_tag":[],"class_list":{"0":"post-2764","1":"product","2":"type-product","3":"status-publish","4":"has-post-thumbnail","6":"product_cat-luminaire","8":"first","9":"instock","10":"shipping-taxable","11":"purchasable","12":"product-type-simple"},"aioseo_notices":[],"uagb_featured_image_src":{"full":["https:\/\/artistorie.fr\/wp-content\/uploads\/2024\/07\/artistorie-chandelier-grand-boutique.png",1080,1080,false],"thumbnail":["https:\/\/artistorie.fr\/wp-content\/uploads\/2024\/07\/artistorie-chandelier-grand-boutique-150x150.png",150,150,true],"medium":["https:\/\/artistorie.fr\/wp-content\/uploads\/2024\/07\/artistorie-chandelier-grand-boutique-300x300.png",300,300,true],"medium_large":["https:\/\/artistorie.fr\/wp-content\/uploads\/2024\/07\/artistorie-chandelier-grand-boutique-768x768.png",768,768,true],"large":["https:\/\/artistorie.fr\/wp-content\/uploads\/2024\/07\/artistorie-chandelier-grand-boutique-1024x1024.png",1024,1024,true],"1536x1536":["https:\/\/artistorie.fr\/wp-content\/uploads\/2024\/07\/artistorie-chandelier-grand-boutique.png",1080,1080,false],"2048x2048":["https:\/\/artistorie.fr\/wp-content\/uploads\/2024\/07\/artistorie-chandelier-grand-boutique.png",1080,1080,false],"post-thumbnail":["https:\/\/artistorie.fr\/wp-content\/uploads\/2024\/07\/artistorie-chandelier-grand-boutique-1024x1024.png",1024,1024,true],"mesmerize-full-hd":["https:\/\/artistorie.fr\/wp-content\/uploads\/2024\/07\/artistorie-chandelier-grand-boutique.png",1080,1080,false],"woocommerce_thumbnail":["https:\/\/artistorie.fr\/wp-content\/uploads\/2024\/07\/artistorie-chandelier-grand-boutique-300x300.png",300,300,true],"woocommerce_single":["https:\/\/artistorie.fr\/wp-content\/uploads\/2024\/07\/artistorie-chandelier-grand-boutique-600x600.png",600,600,true],"woocommerce_gallery_thumbnail":["https:\/\/artistorie.fr\/wp-content\/uploads\/2024\/07\/artistorie-chandelier-grand-boutique-100x100.png",100,100,true]},"uagb_author_info":{"display_name":"valentin.berlemont","author_link":"https:\/\/artistorie.fr\/?author=0"},"uagb_comment_info":0,"uagb_excerpt":"Un grand chandelier \u00e0 pique \u00e0 la mode flamande du 15e si\u00e8cle. Bas\u00e9 sur des mod\u00e8les historiques en laiton issus de mus\u00e9es et de collections priv\u00e9es. Date : 1450-1480 Dimensions : (H)33cm x (L)13cm x (l)13cm R\u00e9alis\u00e9 en fr\u00eane. Finition \u00e0 base d&rsquo;huile de lin. Pour l&rsquo;entretien, appliquez de l&rsquo;huile de lin au chiffon une&hellip;\u2026","jetpack_sharing_enabled":true,"_links":{"self":[{"href":"https:\/\/artistorie.fr\/index.php?rest_route=\/wp\/v2\/product\/2764","targetHints":{"allow":["GET"]}}],"collection":[{"href":"https:\/\/artistorie.fr\/index.php?rest_route=\/wp\/v2\/product"}],"about":[{"href":"https:\/\/artistorie.fr\/index.php?rest_route=\/wp\/v2\/types\/product"}],"replies":[{"embeddable":true,"href":"https:\/\/artistorie.fr\/index.php?rest_route=%2Fwp%2Fv2%2Fcomments&post=2764"}],"wp:featuredmedia":[{"embeddable":true,"href":"https:\/\/artistorie.fr\/index.php?rest_route=\/wp\/v2\/media\/2703"}],"wp:attachment":[{"href":"https:\/\/artistorie.fr\/index.php?rest_route=%2Fwp%2Fv2%2Fmedia&parent=2764"}],"wp:term":[{"taxonomy":"product_brand","embeddable":true,"href":"https:\/\/artistorie.fr\/index.php?rest_route=%2Fwp%2Fv2%2Fproduct_brand&post=2764"},{"taxonomy":"product_cat","embeddable":true,"href":"https:\/\/artistorie.fr\/index.php?rest_route=%2Fwp%2Fv2%2Fproduct_cat&post=2764"},{"taxonomy":"product_tag","embeddable":true,"href":"https:\/\/artistorie.fr\/index.php?rest_route=%2Fwp%2Fv2%2Fproduct_tag&post=2764"}],"curies":[{"name":"wp","href":"https:\/\/api.w.org\/{rel}","templated":true}]}}

Chandelier à pique gothique

<p style="text-align: left;"><span style="color: #000000;">Un grand chandelier à pique à la mode flamande du 15e siècle.</span><br />
<span style="color: #000000;">Basé sur des modèles historiques en laiton issus de musées et de collections privées.</span></p>
<p style="text-align: left;"><span style="color: #000000;">Date : 1450-1480</span><br />
<span style="color: #000000;">Dimensions : (H)33cm x (L)13cm x (l)13cm</span><br />
<span style="color: #000000;">Réalisé en frêne.</span><br />
<span style="color: #000000;">Finition à base d&rsquo;huile de lin.</span></p>
<p style="text-align: left;"><span style="color: #000000;">Pour l&rsquo;entretien, appliquez de l&rsquo;huile de lin au chiffon une à deux fois par an.</span></p>
<p style="text-align: left;"><span style="color: #000000;">Un choix parfait pour s&rsquo;éclairer comme au Moyen-Âge !</span></p>

<p>Un grand chandelier à pique à la mode flamande du 15e siècle. Basé sur des modèles historiques en laiton issus de musées et de collections privées. Date : 1450-1480 Dimensions : (H)33cm x (L)13cm x (l)13cm Réalisé en frêne. Finition à base d&rsquo;huile de lin. Pour l&rsquo;entretien, appliquez de l&rsquo;huile de lin au chiffon une&hellip; <br /> <a class="read-more" href="https://artistorie.fr/?product=chandelier-a-pique-gothique">Lire la suite</a></p>

Un grand chandelier à pique à la mode flamande du 15e siècle. Basé sur des modèles historiques en laiton issus de musées et de collections privées. Date : 1450-1480 Dimensions : (H)33cm x (L)13cm x (l)13cm Réalisé en frêne. Finition à base d&rsquo;huile de lin. Pour l&rsquo;entretien, appliquez de l&rsquo;huile de lin au chiffon une&hellip;…
