{"id":1768,"date":"2023-02-06T17:42:17","date_gmt":"2023-02-06T17:42:17","guid":{"rendered":"https:\/\/artistorie.fr\/?post_type=product&#038;p=1768"},"modified":"2024-07-08T13:48:45","modified_gmt":"2024-07-08T13:48:45","slug":"tabouret-bas","status":"publish","type":"product","link":"https:\/\/artistorie.fr\/?product=tabouret-bas","title":{"rendered":"Tabouret bas"},"content":{"rendered":"<p><span style=\"color: #000000;\">Un petit tabouret qui vous accompagnera dans toutes vos aventures !<\/span><\/p>\n<p><span style=\"color: #000000;\">Bas\u00e9s sur des sources iconographiques et arch\u00e9ologiques des 14e au 16e si\u00e8cle.<\/span><\/p>\n<p><span style=\"color: #000000;\">R\u00e9alis\u00e9 en bois variable selon votre demande<\/span><\/p>\n<p><span style=\"color: #000000;\">Finition \u00e0 base d&rsquo;huile de lin.<\/span><\/p>\n<p><span style=\"color: #000000;\">Dimensions : 40 cm (hauteur) \/ 26 cm (largeur)<\/span><\/p>\n<p><span style=\"color: #000000;\">Un choix parfait pour s&rsquo;asseoir comme au Moyen-\u00c2ge !<\/span><\/p>\n<p>&nbsp;<\/p>\n<p><span style=\"color: #000000;\"><strong>Un peu d\u2019histoire<\/strong><\/span><\/p>\n<p><span style=\"color: #000000;\">C&rsquo;est un tabouret quoi&#8230;<\/span><\/p>\n","protected":false},"excerpt":{"rendered":"<p><span style=\"color: #000000;\">Tabouret bas<\/span><\/p>\n<p><span style=\"color: #000000;\">14e &#8211; 16e si\u00e8cle<\/span><\/p>\n<p>Inspir\u00e9 de mod\u00e8les iconographiques et arch\u00e9ologiques<\/p>\n","protected":false},"featured_media":2168,"comment_status":"open","ping_status":"closed","template":"","meta":{"_editorskit_title_hidden":false,"_editorskit_reading_time":0,"_editorskit_is_block_options_detached":false,"_editorskit_block_options_position":"{}","_uag_custom_page_level_css":"","_monsterinsights_skip_tracking":false,"_monsterinsights_sitenote_active":false,"_monsterinsights_sitenote_note":"","_monsterinsights_sitenote_category":0},"product_brand":[],"product_cat":[46],"product_tag":[],"class_list":{"0":"post-1768","1":"product","2":"type-product","3":"status-publish","4":"has-post-thumbnail","6":"product_cat-mobilier","8":"first","9":"onbackorder","10":"shipping-taxable","11":"purchasable","12":"product-type-variable"},"aioseo_notices":[],"uagb_featured_image_src":{"full":["https:\/\/artistorie.fr\/wp-content\/uploads\/2023\/06\/artistorie-tabouret-bas-boutique.png",1080,1080,false],"thumbnail":["https:\/\/artistorie.fr\/wp-content\/uploads\/2023\/06\/artistorie-tabouret-bas-boutique-150x150.png",150,150,true],"medium":["https:\/\/artistorie.fr\/wp-content\/uploads\/2023\/06\/artistorie-tabouret-bas-boutique-300x300.png",300,300,true],"medium_large":["https:\/\/artistorie.fr\/wp-content\/uploads\/2023\/06\/artistorie-tabouret-bas-boutique-768x768.png",768,768,true],"large":["https:\/\/artistorie.fr\/wp-content\/uploads\/2023\/06\/artistorie-tabouret-bas-boutique-1024x1024.png",1024,1024,true],"1536x1536":["https:\/\/artistorie.fr\/wp-content\/uploads\/2023\/06\/artistorie-tabouret-bas-boutique.png",1080,1080,false],"2048x2048":["https:\/\/artistorie.fr\/wp-content\/uploads\/2023\/06\/artistorie-tabouret-bas-boutique.png",1080,1080,false],"post-thumbnail":["https:\/\/artistorie.fr\/wp-content\/uploads\/2023\/06\/artistorie-tabouret-bas-boutique-1024x1024.png",1024,1024,true],"mesmerize-full-hd":["https:\/\/artistorie.fr\/wp-content\/uploads\/2023\/06\/artistorie-tabouret-bas-boutique.png",1080,1080,false],"woocommerce_thumbnail":["https:\/\/artistorie.fr\/wp-content\/uploads\/2023\/06\/artistorie-tabouret-bas-boutique-300x300.png",300,300,true],"woocommerce_single":["https:\/\/artistorie.fr\/wp-content\/uploads\/2023\/06\/artistorie-tabouret-bas-boutique-600x600.png",600,600,true],"woocommerce_gallery_thumbnail":["https:\/\/artistorie.fr\/wp-content\/uploads\/2023\/06\/artistorie-tabouret-bas-boutique-100x100.png",100,100,true]},"uagb_author_info":{"display_name":"valentin.berlemont","author_link":"https:\/\/artistorie.fr\/?author=0"},"uagb_comment_info":0,"uagb_excerpt":"Tabouret bas 14e - 16e si\u00e8cle Inspir\u00e9 de mod\u00e8les iconographiques et arch\u00e9ologiques","jetpack_sharing_enabled":true,"_links":{"self":[{"href":"https:\/\/artistorie.fr\/index.php?rest_route=\/wp\/v2\/product\/1768","targetHints":{"allow":["GET"]}}],"collection":[{"href":"https:\/\/artistorie.fr\/index.php?rest_route=\/wp\/v2\/product"}],"about":[{"href":"https:\/\/artistorie.fr\/index.php?rest_route=\/wp\/v2\/types\/product"}],"replies":[{"embeddable":true,"href":"https:\/\/artistorie.fr\/index.php?rest_route=%2Fwp%2Fv2%2Fcomments&post=1768"}],"wp:featuredmedia":[{"embeddable":true,"href":"https:\/\/artistorie.fr\/index.php?rest_route=\/wp\/v2\/media\/2168"}],"wp:attachment":[{"href":"https:\/\/artistorie.fr\/index.php?rest_route=%2Fwp%2Fv2%2Fmedia&parent=1768"}],"wp:term":[{"taxonomy":"product_brand","embeddable":true,"href":"https:\/\/artistorie.fr\/index.php?rest_route=%2Fwp%2Fv2%2Fproduct_brand&post=1768"},{"taxonomy":"product_cat","embeddable":true,"href":"https:\/\/artistorie.fr\/index.php?rest_route=%2Fwp%2Fv2%2Fproduct_cat&post=1768"},{"taxonomy":"product_tag","embeddable":true,"href":"https:\/\/artistorie.fr\/index.php?rest_route=%2Fwp%2Fv2%2Fproduct_tag&post=1768"}],"curies":[{"name":"wp","href":"https:\/\/api.w.org\/{rel}","templated":true}]}}

<p><span style="color: #000000;">Un petit tabouret qui vous accompagnera dans toutes vos aventures !</span></p>
<p><span style="color: #000000;">Basés sur des sources iconographiques et archéologiques des 14e au 16e siècle.</span></p>
<p><span style="color: #000000;">Réalisé en bois variable selon votre demande</span></p>
<p><span style="color: #000000;">Finition à base d&rsquo;huile de lin.</span></p>
<p><span style="color: #000000;">Dimensions : 40 cm (hauteur) / 26 cm (largeur)</span></p>
<p><span style="color: #000000;">Un choix parfait pour s&rsquo;asseoir comme au Moyen-Âge !</span></p>
<p>&nbsp;</p>
<p><span style="color: #000000;"><strong>Un peu d’histoire</strong></span></p>
<p><span style="color: #000000;">C&rsquo;est un tabouret quoi&#8230;</span></p>

<p><span style="color: #000000;">Tabouret bas</span></p>
<p><span style="color: #000000;">14e &#8211; 16e siècle</span></p>
<p>Inspiré de modèles iconographiques et archéologiques</p>

Tabouret bas 14e - 16e siècle Inspiré de modèles iconographiques et archéologiques
