{"id":1752,"date":"2023-02-06T16:41:17","date_gmt":"2023-02-06T16:41:17","guid":{"rendered":"https:\/\/artistorie.fr\/?post_type=product&#038;p=1752"},"modified":"2025-05-21T13:23:51","modified_gmt":"2025-05-21T13:23:51","slug":"curule-sans-accoudoir","status":"publish","type":"product","link":"https:\/\/artistorie.fr\/?product=curule-sans-accoudoir","title":{"rendered":"Curule sans accoudoir"},"content":{"rendered":"<p><span style=\"color: #000000;\">Un si\u00e8ge confortable et pratique \u00e0 transporter.<\/span><\/p>\n<p><span style=\"color: #000000;\">Bas\u00e9s sur des sources iconographiques et arch\u00e9ologiques des 14e au 16e si\u00e8cle.<\/span><\/p>\n<p><span style=\"color: #000000;\">R\u00e9alis\u00e9 en bois variable selon votre demande<\/span><\/p>\n<p><span style=\"color: #000000;\">Finition \u00e0 base d&rsquo;huile de lin.<\/span><\/p>\n<p><span style=\"color: #000000;\">Dimensions d\u00e9pli\u00e9 : 60 cm (hauteur) \/ 17 cm (largeur) \/ 30 cm (profondeur)<\/span><\/p>\n<p><span style=\"color: #000000;\">Dimensions pli\u00e9 : 45 cm (hauteur) \/ 39 cm (largeur) \/ 30 cm (profondeur)<\/span><\/p>\n<p><span style=\"color: #000000;\">Un choix parfait pour s&rsquo;asseoir comme au Moyen-\u00c2ge !<\/span><\/p>\n<p>&nbsp;<\/p>\n<p><span style=\"color: #000000;\"><strong>Un peu d\u2019histoire<\/strong><\/span><\/p>\n<p><span style=\"color: #000000;\">Le si\u00e8ge pliant \u00e9tait d\u00e9j\u00e0 tr\u00e8s populaire dans la Rome antique. Bien que la forme ait quelque peu \u00e9volu\u00e9 au cours du temps, les si\u00e8ges pliants ont perdur\u00e9 pendant des si\u00e8cles. Reconnaissable avec les pieds en X, les curules \u00e9taient parfois richement d\u00e9cor\u00e9s. Plaques d&rsquo;ivoire ou d&rsquo;\u00e9b\u00e8ne, plaquage or ou m\u00eame peinture, les plus riches personnes n&rsquo;h\u00e9sitaient pas \u00e0 d\u00e9bourser pour avoir le plus beau si\u00e8ge.<\/span><\/p>\n","protected":false},"excerpt":{"rendered":"<p>Un si\u00e8ge confortable et pratique \u00e0 transporter. Bas\u00e9s sur des sources iconographiques et arch\u00e9ologiques des 14e au 16e si\u00e8cle. R\u00e9alis\u00e9 en bois variable selon votre demande Finition \u00e0 base d&rsquo;huile de lin. Dimensions d\u00e9pli\u00e9 : 60 cm (hauteur) \/ 17 cm (largeur) \/ 30 cm (profondeur) Dimensions pli\u00e9 : 45 cm (hauteur) \/ 39 cm&hellip; <br \/> <a class=\"read-more\" href=\"https:\/\/artistorie.fr\/?product=curule-sans-accoudoir\">Lire la suite<\/a><\/p>\n","protected":false},"featured_media":2160,"comment_status":"open","ping_status":"closed","template":"","meta":{"_editorskit_title_hidden":false,"_editorskit_reading_time":0,"_editorskit_is_block_options_detached":false,"_editorskit_block_options_position":"{}","_uag_custom_page_level_css":"","_monsterinsights_skip_tracking":false,"_monsterinsights_sitenote_active":false,"_monsterinsights_sitenote_note":"","_monsterinsights_sitenote_category":0},"product_brand":[],"product_cat":[46],"product_tag":[],"class_list":{"0":"post-1752","1":"product","2":"type-product","3":"status-publish","4":"has-post-thumbnail","6":"product_cat-mobilier","8":"first","9":"onbackorder","10":"shipping-taxable","11":"purchasable","12":"product-type-variable"},"aioseo_notices":[],"uagb_featured_image_src":{"full":["https:\/\/artistorie.fr\/wp-content\/uploads\/2023\/06\/artistorie-curule-1-boutique.png",1080,1080,false],"thumbnail":["https:\/\/artistorie.fr\/wp-content\/uploads\/2023\/06\/artistorie-curule-1-boutique-150x150.png",150,150,true],"medium":["https:\/\/artistorie.fr\/wp-content\/uploads\/2023\/06\/artistorie-curule-1-boutique-300x300.png",300,300,true],"medium_large":["https:\/\/artistorie.fr\/wp-content\/uploads\/2023\/06\/artistorie-curule-1-boutique-768x768.png",768,768,true],"large":["https:\/\/artistorie.fr\/wp-content\/uploads\/2023\/06\/artistorie-curule-1-boutique-1024x1024.png",1024,1024,true],"1536x1536":["https:\/\/artistorie.fr\/wp-content\/uploads\/2023\/06\/artistorie-curule-1-boutique.png",1080,1080,false],"2048x2048":["https:\/\/artistorie.fr\/wp-content\/uploads\/2023\/06\/artistorie-curule-1-boutique.png",1080,1080,false],"post-thumbnail":["https:\/\/artistorie.fr\/wp-content\/uploads\/2023\/06\/artistorie-curule-1-boutique-1024x1024.png",1024,1024,true],"mesmerize-full-hd":["https:\/\/artistorie.fr\/wp-content\/uploads\/2023\/06\/artistorie-curule-1-boutique.png",1080,1080,false],"woocommerce_thumbnail":["https:\/\/artistorie.fr\/wp-content\/uploads\/2023\/06\/artistorie-curule-1-boutique-300x300.png",300,300,true],"woocommerce_single":["https:\/\/artistorie.fr\/wp-content\/uploads\/2023\/06\/artistorie-curule-1-boutique-600x600.png",600,600,true],"woocommerce_gallery_thumbnail":["https:\/\/artistorie.fr\/wp-content\/uploads\/2023\/06\/artistorie-curule-1-boutique-100x100.png",100,100,true]},"uagb_author_info":{"display_name":"valentin.berlemont","author_link":"https:\/\/artistorie.fr\/?author=0"},"uagb_comment_info":0,"uagb_excerpt":"Un si\u00e8ge confortable et pratique \u00e0 transporter. Bas\u00e9s sur des sources iconographiques et arch\u00e9ologiques des 14e au 16e si\u00e8cle. R\u00e9alis\u00e9 en bois variable selon votre demande Finition \u00e0 base d&rsquo;huile de lin. Dimensions d\u00e9pli\u00e9 : 60 cm (hauteur) \/ 17 cm (largeur) \/ 30 cm (profondeur) Dimensions pli\u00e9 : 45 cm (hauteur) \/ 39 cm&hellip;\u2026","jetpack_sharing_enabled":true,"_links":{"self":[{"href":"https:\/\/artistorie.fr\/index.php?rest_route=\/wp\/v2\/product\/1752","targetHints":{"allow":["GET"]}}],"collection":[{"href":"https:\/\/artistorie.fr\/index.php?rest_route=\/wp\/v2\/product"}],"about":[{"href":"https:\/\/artistorie.fr\/index.php?rest_route=\/wp\/v2\/types\/product"}],"replies":[{"embeddable":true,"href":"https:\/\/artistorie.fr\/index.php?rest_route=%2Fwp%2Fv2%2Fcomments&post=1752"}],"wp:featuredmedia":[{"embeddable":true,"href":"https:\/\/artistorie.fr\/index.php?rest_route=\/wp\/v2\/media\/2160"}],"wp:attachment":[{"href":"https:\/\/artistorie.fr\/index.php?rest_route=%2Fwp%2Fv2%2Fmedia&parent=1752"}],"wp:term":[{"taxonomy":"product_brand","embeddable":true,"href":"https:\/\/artistorie.fr\/index.php?rest_route=%2Fwp%2Fv2%2Fproduct_brand&post=1752"},{"taxonomy":"product_cat","embeddable":true,"href":"https:\/\/artistorie.fr\/index.php?rest_route=%2Fwp%2Fv2%2Fproduct_cat&post=1752"},{"taxonomy":"product_tag","embeddable":true,"href":"https:\/\/artistorie.fr\/index.php?rest_route=%2Fwp%2Fv2%2Fproduct_tag&post=1752"}],"curies":[{"name":"wp","href":"https:\/\/api.w.org\/{rel}","templated":true}]}}