{"id":766,"date":"2021-11-30T15:11:38","date_gmt":"2021-11-30T15:11:38","guid":{"rendered":"https:\/\/artistorie.fr\/?page_id=766"},"modified":"2026-01-08T15:24:57","modified_gmt":"2026-01-08T15:24:57","slug":"musees-et-sites-culturels","status":"publish","type":"page","link":"https:\/\/artistorie.fr\/?page_id=766","title":{"rendered":"\u00c9v\u00e8nements, Patrimoine et Mus\u00e9es"},"content":{"rendered":"\n<h3><span style=\"background-color: #ffffff; color: #2a2a57;\"><strong>Proposez un v\u00e9ritable voyage dans le temps \u00e0 vos visiteurs.<\/strong><\/span><\/h3>\n\n\n\n<div class=\"wp-block-media-text alignwide is-stacked-on-mobile is-vertically-aligned-center\" style=\"grid-template-columns:25% auto\"><figure class=\"wp-block-media-text__media\"><video controls src=\"https:\/\/artistorie.fr\/wp-content\/uploads\/2023\/10\/VID_61380415_161945_081.mp4\"><\/video><\/figure><div class=\"wp-block-media-text__content\">\n<h4 style=\"text-align: justify;\"><span style=\"color: #2a2a57;\"><strong><span style=\"color: #2a2a57;\">Chez Art&rsquo;Istorie, la valorisation du patrimoine est l&rsquo;un de nos enjeux principaux.<\/span>&nbsp;<\/strong><\/span><\/h4>\n<h4 style=\"text-align: justify;\"><span style=\"color: #2a2a57;\">Offrez \u00e0 vos visiteurs l&rsquo;opportunit\u00e9 <strong>d&rsquo;exp\u00e9rimenter la vie quotidienne de la fin du Moyen-\u00c2ge<\/strong> au travers <strong>d&rsquo;ateliers p\u00e9dagogiques et d\u00e9monstrations immersifs et innovants.<\/strong><\/span><\/h4>\n\n\n\n<p>&nbsp;<\/p>\n<h4><span style=\"color: #2a2a57;\">Chacune de nos interventions est <strong>rythm\u00e9e par un \u00e9change, la d\u00e9monstration d&rsquo;objets historiques pour s&rsquo;approprier l&rsquo;Histoire.<\/strong><\/span><\/h4>\n<h4 style=\"text-align: justify;\"><span style=\"color: #2a2a57;\">Contes, manipulation de jeux m\u00e9di\u00e9vaux, d\u00e9monstration de travail du bois, <strong>l<\/strong><strong>es projets sont multiples<\/strong>, et nous nous ferons un plaisir de d\u00e9finir avec vous<strong> la meilleure mani\u00e8re de mettre en lumi\u00e8re votre \u00e9v\u00e9nement<\/strong>&nbsp;en nous appuyant fid\u00e8lement sur les sources historiques et arch\u00e9ologiques disponibles.<\/span><\/h4>\n<\/div><\/div>\n\n\n\n<div style=\"height:100px\" aria-hidden=\"true\" class=\"wp-block-spacer\"><\/div>\n\n\n\n<div class=\"wp-block-jetpack-tiled-gallery is-style-rectangular\"><div class=\"\"><div class=\"tiled-gallery__gallery\"><div class=\"tiled-gallery__row\"><div class=\"tiled-gallery__col\" style=\"flex-basis:66.74718%\"><figure class=\"tiled-gallery__item\"><img decoding=\"async\" srcset=\"https:\/\/i0.wp.com\/artistorie.fr\/wp-content\/uploads\/2023\/11\/IMG_20220429_162306-768x1024.jpg?strip=info&#038;w=600 600w,https:\/\/i0.wp.com\/artistorie.fr\/wp-content\/uploads\/2023\/11\/IMG_20220429_162306-768x1024.jpg?strip=info&#038;w=900 900w,https:\/\/i0.wp.com\/artistorie.fr\/wp-content\/uploads\/2023\/11\/IMG_20220429_162306-768x1024.jpg?strip=info&#038;w=1200 1200w,https:\/\/i0.wp.com\/artistorie.fr\/wp-content\/uploads\/2023\/11\/IMG_20220429_162306-768x1024.jpg?strip=info&#038;w=1500 1500w,https:\/\/i0.wp.com\/artistorie.fr\/wp-content\/uploads\/2023\/11\/IMG_20220429_162306-768x1024.jpg?strip=info&#038;w=1800 1800w,https:\/\/i0.wp.com\/artistorie.fr\/wp-content\/uploads\/2023\/11\/IMG_20220429_162306-768x1024.jpg?strip=info&#038;w=1920 1920w\" alt=\"Ateliers p\u00e9dagogiques m\u00e9di\u00e9vaux pour enfants et publics scolaires\" data-height=\"2560\" data-id=\"2583\" data-link=\"https:\/\/artistorie.fr\/?attachment_id=2583\" data-url=\"http:\/\/artistorie.fr\/wp-content\/uploads\/2023\/11\/IMG_20220429_162306-768x1024.jpg\" data-width=\"1920\" src=\"https:\/\/i0.wp.com\/artistorie.fr\/wp-content\/uploads\/2023\/11\/IMG_20220429_162306-768x1024.jpg\" data-amp-layout=\"responsive\"\/><\/figure><\/div><div class=\"tiled-gallery__col\" style=\"flex-basis:33.25282%\"><figure class=\"tiled-gallery__item\"><img decoding=\"async\" srcset=\"https:\/\/i0.wp.com\/artistorie.fr\/wp-content\/uploads\/2023\/11\/384129751_635634718676275_8027452376199952767_n-768x1024.jpg?strip=info&#038;w=600 600w,https:\/\/i0.wp.com\/artistorie.fr\/wp-content\/uploads\/2023\/11\/384129751_635634718676275_8027452376199952767_n-768x1024.jpg?strip=info&#038;w=900 900w,https:\/\/i0.wp.com\/artistorie.fr\/wp-content\/uploads\/2023\/11\/384129751_635634718676275_8027452376199952767_n-768x1024.jpg?strip=info&#038;w=1200 1200w,https:\/\/i0.wp.com\/artistorie.fr\/wp-content\/uploads\/2023\/11\/384129751_635634718676275_8027452376199952767_n-768x1024.jpg?strip=info&#038;w=1500 1500w,https:\/\/i0.wp.com\/artistorie.fr\/wp-content\/uploads\/2023\/11\/384129751_635634718676275_8027452376199952767_n-768x1024.jpg?strip=info&#038;w=1536 1536w\" alt=\"Reconstitution historique m\u00e9di\u00e9vale et fabrication artisanale d\u2019objets\" data-height=\"2048\" data-id=\"2587\" data-link=\"https:\/\/artistorie.fr\/?attachment_id=2587\" data-url=\"http:\/\/artistorie.fr\/wp-content\/uploads\/2023\/11\/384129751_635634718676275_8027452376199952767_n-768x1024.jpg\" data-width=\"1536\" src=\"https:\/\/i0.wp.com\/artistorie.fr\/wp-content\/uploads\/2023\/11\/384129751_635634718676275_8027452376199952767_n-768x1024.jpg\" data-amp-layout=\"responsive\"\/><\/figure><\/div><div class=\"tiled-gallery__col\"><figure class=\"tiled-gallery__item\"><img decoding=\"async\" srcset=\"https:\/\/i0.wp.com\/artistorie.fr\/wp-content\/uploads\/2023\/11\/372316735_672877724778998_1650902598972537436_n-768x1024.jpg?strip=info&#038;w=600 600w,https:\/\/i0.wp.com\/artistorie.fr\/wp-content\/uploads\/2023\/11\/372316735_672877724778998_1650902598972537436_n-768x1024.jpg?strip=info&#038;w=900 900w,https:\/\/i0.wp.com\/artistorie.fr\/wp-content\/uploads\/2023\/11\/372316735_672877724778998_1650902598972537436_n-768x1024.jpg?strip=info&#038;w=1200 1200w,https:\/\/i0.wp.com\/artistorie.fr\/wp-content\/uploads\/2023\/11\/372316735_672877724778998_1650902598972537436_n-768x1024.jpg?strip=info&#038;w=1500 1500w,https:\/\/i0.wp.com\/artistorie.fr\/wp-content\/uploads\/2023\/11\/372316735_672877724778998_1650902598972537436_n-768x1024.jpg?strip=info&#038;w=1536 1536w\" alt=\"Ateliers p\u00e9dagogiques m\u00e9di\u00e9vaux pour enfants et publics scolaires\" data-height=\"2048\" data-id=\"2585\" data-link=\"https:\/\/artistorie.fr\/?attachment_id=2585\" data-url=\"http:\/\/artistorie.fr\/wp-content\/uploads\/2023\/11\/372316735_672877724778998_1650902598972537436_n-768x1024.jpg\" data-width=\"1536\" src=\"https:\/\/i0.wp.com\/artistorie.fr\/wp-content\/uploads\/2023\/11\/372316735_672877724778998_1650902598972537436_n-768x1024.jpg\" data-amp-layout=\"responsive\"\/><\/figure><\/div><\/div><div class=\"tiled-gallery__row\"><div class=\"tiled-gallery__col\" style=\"flex-basis:50.00000%\"><figure class=\"tiled-gallery__item\"><img decoding=\"async\" srcset=\"https:\/\/i0.wp.com\/artistorie.fr\/wp-content\/uploads\/2023\/11\/369241467_811528250695972_2523615571638609595_n-768x1024.jpg?strip=info&#038;w=600 600w,https:\/\/i0.wp.com\/artistorie.fr\/wp-content\/uploads\/2023\/11\/369241467_811528250695972_2523615571638609595_n-768x1024.jpg?strip=info&#038;w=900 900w,https:\/\/i0.wp.com\/artistorie.fr\/wp-content\/uploads\/2023\/11\/369241467_811528250695972_2523615571638609595_n-768x1024.jpg?strip=info&#038;w=1200 1200w,https:\/\/i0.wp.com\/artistorie.fr\/wp-content\/uploads\/2023\/11\/369241467_811528250695972_2523615571638609595_n-768x1024.jpg?strip=info&#038;w=1500 1500w\" alt=\"Artisan d\u2019art m\u00e9di\u00e9val proposant m\u00e9diation culturelle et ateliers\" data-height=\"2000\" data-id=\"2584\" data-link=\"https:\/\/artistorie.fr\/?attachment_id=2584\" data-url=\"http:\/\/artistorie.fr\/wp-content\/uploads\/2023\/11\/369241467_811528250695972_2523615571638609595_n-768x1024.jpg\" data-width=\"1500\" src=\"https:\/\/i0.wp.com\/artistorie.fr\/wp-content\/uploads\/2023\/11\/369241467_811528250695972_2523615571638609595_n-768x1024.jpg\" data-amp-layout=\"responsive\"\/><\/figure><\/div><div class=\"tiled-gallery__col\" style=\"flex-basis:50.00000%\"><figure class=\"tiled-gallery__item\"><img decoding=\"async\" srcset=\"https:\/\/i0.wp.com\/artistorie.fr\/wp-content\/uploads\/2023\/11\/IMG_20230924_171858-768x1024.jpg?strip=info&#038;w=600 600w,https:\/\/i0.wp.com\/artistorie.fr\/wp-content\/uploads\/2023\/11\/IMG_20230924_171858-768x1024.jpg?strip=info&#038;w=900 900w,https:\/\/i0.wp.com\/artistorie.fr\/wp-content\/uploads\/2023\/11\/IMG_20230924_171858-768x1024.jpg?strip=info&#038;w=1200 1200w,https:\/\/i0.wp.com\/artistorie.fr\/wp-content\/uploads\/2023\/11\/IMG_20230924_171858-768x1024.jpg?strip=info&#038;w=1500 1500w,https:\/\/i0.wp.com\/artistorie.fr\/wp-content\/uploads\/2023\/11\/IMG_20230924_171858-768x1024.jpg?strip=info&#038;w=1800 1800w,https:\/\/i0.wp.com\/artistorie.fr\/wp-content\/uploads\/2023\/11\/IMG_20230924_171858-768x1024.jpg?strip=info&#038;w=1920 1920w\" alt=\"Objets d\u2019artisanat d\u2019art m\u00e9di\u00e9val inspir\u00e9s de sources historiques\" data-height=\"2560\" data-id=\"2586\" data-link=\"https:\/\/artistorie.fr\/?attachment_id=2586\" data-url=\"http:\/\/artistorie.fr\/wp-content\/uploads\/2023\/11\/IMG_20230924_171858-768x1024.jpg\" data-width=\"1920\" src=\"https:\/\/i0.wp.com\/artistorie.fr\/wp-content\/uploads\/2023\/11\/IMG_20230924_171858-768x1024.jpg\" data-amp-layout=\"responsive\"\/><\/figure><\/div><\/div><\/div><\/div><\/div>\n\n\n\n<div class=\"wp-block-media-text alignwide has-media-on-the-right is-stacked-on-mobile is-vertically-aligned-center\" style=\"grid-template-columns:auto 25%\"><div class=\"wp-block-media-text__content\">\n<h3><span style=\"color: #2a2a57;\"><strong>Nos prestations pour vos \u00e9v\u00e9nements :<\/strong><\/span><\/h3>\n\n\n\n<h4><span style=\"color: #2a2a57;\">&#8211; Contes et l\u00e9gendes m\u00e9di\u00e9vales ;<\/span><\/h4>\n<h4><span style=\"color: #2a2a57;\">&#8211; Manipulation de jeux m\u00e9di\u00e9vaux ;<\/span><\/h4>\n<h4><span style=\"color: #2a2a57;\">&#8211; D\u00e9monstration de travail du bois ;<\/span><\/h4>\n<h4><span style=\"color: #2a2a57;\">&#8211; Des ateliers p\u00e9dagogiques divers ;<\/span><\/h4>\n<h4><span style=\"color: #2a2a57;\">&#8211; De l&rsquo;organisation \u00e9v\u00e9nementielle.<\/span><\/h4>\n<\/div><figure class=\"wp-block-media-text__media\"><video controls src=\"http:\/\/artistorie.fr\/wp-content\/uploads\/2021\/11\/artistorie-donjon-de-bours-patrimoine-culture.mp4\"><\/video><\/figure><\/div>\n\n\n\n<h3 style=\"text-align: left;\"><span style=\"color: #2a2a57;\"><strong>Exemples d&rsquo;\u00e9v\u00e9nements r\u00e9alis\u00e9s par Art&rsquo;Istorie :<\/strong><\/span><\/h3>\n\n\n\n<div class=\"wp-block-jetpack-slideshow aligncenter\" data-effect=\"slide\"><div class=\"wp-block-jetpack-slideshow_container swiper\"><ul class=\"wp-block-jetpack-slideshow_swiper-wrapper swiper-wrapper\"><li class=\"wp-block-jetpack-slideshow_slide swiper-slide\"><figure><img loading=\"lazy\" decoding=\"async\" width=\"1024\" height=\"724\" alt=\"\" class=\"wp-block-jetpack-slideshow_image wp-image-1542\" data-id=\"1542\" src=\"https:\/\/artistorie.fr\/wp-content\/uploads\/2022\/09\/Ajouter-des-lignes-dans-le-corps-du-texte-1-1-1024x724.png\" srcset=\"https:\/\/artistorie.fr\/wp-content\/uploads\/2022\/09\/Ajouter-des-lignes-dans-le-corps-du-texte-1-1-1024x724.png 1024w, https:\/\/artistorie.fr\/wp-content\/uploads\/2022\/09\/Ajouter-des-lignes-dans-le-corps-du-texte-1-1-300x212.png 300w, https:\/\/artistorie.fr\/wp-content\/uploads\/2022\/09\/Ajouter-des-lignes-dans-le-corps-du-texte-1-1-768x543.png 768w, https:\/\/artistorie.fr\/wp-content\/uploads\/2022\/09\/Ajouter-des-lignes-dans-le-corps-du-texte-1-1-1536x1086.png 1536w, https:\/\/artistorie.fr\/wp-content\/uploads\/2022\/09\/Ajouter-des-lignes-dans-le-corps-du-texte-1-1-1528x1080.png 1528w, https:\/\/artistorie.fr\/wp-content\/uploads\/2022\/09\/Ajouter-des-lignes-dans-le-corps-du-texte-1-1-600x424.png 600w, https:\/\/artistorie.fr\/wp-content\/uploads\/2022\/09\/Ajouter-des-lignes-dans-le-corps-du-texte-1-1.png 2000w\" sizes=\"(max-width: 1024px) 100vw, 1024px\" \/><\/figure><\/li><li class=\"wp-block-jetpack-slideshow_slide swiper-slide\"><figure><img loading=\"lazy\" decoding=\"async\" width=\"1024\" height=\"724\" alt=\"\" class=\"wp-block-jetpack-slideshow_image wp-image-1544\" data-id=\"1544\" src=\"https:\/\/artistorie.fr\/wp-content\/uploads\/2022\/09\/Ajouter-des-lignes-dans-le-corps-du-texte-2-1024x724.png\" srcset=\"https:\/\/artistorie.fr\/wp-content\/uploads\/2022\/09\/Ajouter-des-lignes-dans-le-corps-du-texte-2-1024x724.png 1024w, https:\/\/artistorie.fr\/wp-content\/uploads\/2022\/09\/Ajouter-des-lignes-dans-le-corps-du-texte-2-300x212.png 300w, https:\/\/artistorie.fr\/wp-content\/uploads\/2022\/09\/Ajouter-des-lignes-dans-le-corps-du-texte-2-768x543.png 768w, https:\/\/artistorie.fr\/wp-content\/uploads\/2022\/09\/Ajouter-des-lignes-dans-le-corps-du-texte-2-1536x1086.png 1536w, https:\/\/artistorie.fr\/wp-content\/uploads\/2022\/09\/Ajouter-des-lignes-dans-le-corps-du-texte-2-1528x1080.png 1528w, https:\/\/artistorie.fr\/wp-content\/uploads\/2022\/09\/Ajouter-des-lignes-dans-le-corps-du-texte-2-600x424.png 600w, https:\/\/artistorie.fr\/wp-content\/uploads\/2022\/09\/Ajouter-des-lignes-dans-le-corps-du-texte-2.png 2000w\" sizes=\"(max-width: 1024px) 100vw, 1024px\" \/><\/figure><\/li><\/ul><a class=\"wp-block-jetpack-slideshow_button-prev swiper-button-prev swiper-button-white\" role=\"button\"><\/a><a class=\"wp-block-jetpack-slideshow_button-next swiper-button-next swiper-button-white\" role=\"button\"><\/a><a aria-label=\"Pause Slideshow\" class=\"wp-block-jetpack-slideshow_button-pause\" role=\"button\"><\/a><div class=\"wp-block-jetpack-slideshow_pagination swiper-pagination swiper-pagination-white\"><\/div><\/div><\/div>\n\n\n<p class=\"fonts-plugin-block \" style=\"font-family: Open Sans;font-size: 20px;line-height: 1.5;text-align: center;color: #2a2a57\"><strong>Alors, envie d&rsquo;un voyage dans le temps\u00a0?<br>Renseignements et r\u00e9servation\u00a0:<br>Valentin Berlemont<br><a href=\"mailto:contact@artistorie.fr\">contact@artistorie.fr<\/a><\/strong><br><strong>06 89 44 22 08<\/strong><\/p>","protected":false},"excerpt":{"rendered":"<p>Proposez un v\u00e9ritable voyage dans le temps \u00e0 vos visiteurs. Exemples d&rsquo;\u00e9v\u00e9nements r\u00e9alis\u00e9s par Art&rsquo;Istorie :<\/p>\n","protected":false},"author":1,"featured_media":0,"parent":0,"menu_order":0,"comment_status":"closed","ping_status":"closed","template":"","meta":{"_editorskit_title_hidden":false,"_editorskit_reading_time":1,"_editorskit_is_block_options_detached":false,"_editorskit_block_options_position":"{}","_uag_custom_page_level_css":"","_monsterinsights_skip_tracking":false,"_monsterinsights_sitenote_active":false,"_monsterinsights_sitenote_note":"","_monsterinsights_sitenote_category":0,"footnotes":""},"class_list":["post-766","page","type-page","status-publish","hentry"],"aioseo_notices":[],"uagb_featured_image_src":{"full":false,"thumbnail":false,"medium":false,"medium_large":false,"large":false,"1536x1536":false,"2048x2048":false,"post-thumbnail":false,"mesmerize-full-hd":false,"woocommerce_thumbnail":false,"woocommerce_single":false,"woocommerce_gallery_thumbnail":false},"uagb_author_info":{"display_name":"valentin.berlemont","author_link":"https:\/\/artistorie.fr\/?author=1"},"uagb_comment_info":0,"uagb_excerpt":"Proposez un v\u00e9ritable voyage dans le temps \u00e0 vos visiteurs. Exemples d&rsquo;\u00e9v\u00e9nements r\u00e9alis\u00e9s par Art&rsquo;Istorie :","jetpack_sharing_enabled":true,"_links":{"self":[{"href":"https:\/\/artistorie.fr\/index.php?rest_route=\/wp\/v2\/pages\/766","targetHints":{"allow":["GET"]}}],"collection":[{"href":"https:\/\/artistorie.fr\/index.php?rest_route=\/wp\/v2\/pages"}],"about":[{"href":"https:\/\/artistorie.fr\/index.php?rest_route=\/wp\/v2\/types\/page"}],"author":[{"embeddable":true,"href":"https:\/\/artistorie.fr\/index.php?rest_route=\/wp\/v2\/users\/1"}],"replies":[{"embeddable":true,"href":"https:\/\/artistorie.fr\/index.php?rest_route=%2Fwp%2Fv2%2Fcomments&post=766"}],"version-history":[{"count":69,"href":"https:\/\/artistorie.fr\/index.php?rest_route=\/wp\/v2\/pages\/766\/revisions"}],"predecessor-version":[{"id":3115,"href":"https:\/\/artistorie.fr\/index.php?rest_route=\/wp\/v2\/pages\/766\/revisions\/3115"}],"wp:attachment":[{"href":"https:\/\/artistorie.fr\/index.php?rest_route=%2Fwp%2Fv2%2Fmedia&parent=766"}],"curies":[{"name":"wp","href":"https:\/\/api.w.org\/{rel}","templated":true}]}}